or of 72420 and 204?
204
What is the greatest common factor of 684 and 252?
36
What is the greatest common factor of 53798 and 74?
74
What is the highest common factor of 21 and 12?
3
What is the greatest common divisor of 11011 and 182?
91
Calculate the greatest common factor of 279 and 27.
9
Calculate the highest common factor of 207 and 575.
23
Calculate the highest common divisor of 57 and 19.
19
Calculate the highest common divisor of 1300 and 225.
25
What is the highest common factor of 65 and 10?
5
Calculate the greatest common factor of 288 and 216.
72
Calculate the highest common divisor of 16 and 562.
2
Calculate the highest common divisor of 1152 and 4.
4
Calculate the highest common divisor of 1884 and 19311.
471
Calculate the greatest common factor of 1417 and 218.
109
What is the greatest common factor of 28 and 13?
1
What is the greatest common factor of 81 and 13?
1
What is the greatest common divisor of 50 and 350?
50
Calculate the highest common divisor of 206 and 2.
2
Calculate the highest common divisor of 648 and 120.
24
Calculate the highest common divisor of 188 and 282.
94
Calculate the greatest common factor of 64 and 2192.
16
What is the greatest common factor of 20829 and 477?
159
What is the highest common factor of 17 and 391?
17
Calculate the greatest common factor of 16 and 312.
8
Calculate the greatest common divisor of 32 and 88.
8
Calculate the highest common divisor of 32 and 544.
32
Calculate the greatest common factor of 288 and 32.
32
What is the greatest common divisor of 3 and 183?
3
Calculate the highest common factor of 48 and 816.
48
What is the highest common factor of 145 and 87?
29
What is the greatest common factor of 20 and 1340?
20
What is the greatest common factor of 124 and 62?
62
Calculate the greatest common divisor of 435 and 150.
15
What is the greatest common divisor of 792 and 88?
88
Calculate the greatest common factor of 370 and 814.
74
Calculate the greatest common factor of 260 and 468.
52
Calculate the greatest common divisor of 64 and 1168.
16
Calculate the greatest common factor of 768 and 96.
96
What is the highest common divisor of 748 and 33?
11
What is the highest common divisor of 2839 and 17?
17
Calculate the greatest common divisor of 690 and 390.
30
Calculate the highest common divisor of 22 and 2178.
22
What is the greatest common factor of 6745 and 95?
95
Calculate the greatest common divisor of 35 and 70.
35
Calculate the greatest common divisor of 23023 and 182.
91
Calculate the greatest common factor of 2448 and 153.
153
What is the greatest common divisor of 4180 and 4?
4
What is the greatest common divisor of 130 and 1014?
26
What is the highest common factor of 1040 and 320?
80
Calculate the greatest common divisor of 222 and 5217.
111
Calculate the highest common factor of 522 and 2784.
174
What is the highest common factor of 1875 and 15?
15
What is the greatest common factor of 153 and 17?
17
What is the highest common factor of 133 and 76?
19
What is the highest common factor of 99 and 63?
9
Calculate the greatest common factor of 11349 and 78.
39
What is the greatest common divisor of 793 and 1525?
61
Calculate the greatest common factor of 378 and 2758.
14
Calculate the highest common divisor of 1240 and 465.
155
What is the highest common factor of 2369 and 1339?
103
What is the highest common divisor of 3 and 321?
3
Calculate the highest common factor of 60 and 660.
60
Calculate the greatest common divisor of 217 and 77.
7
Calculate the greatest common factor of 34 and 425.
17
What is the greatest common divisor of 2 and 4?
2
Calculate the greatest common factor of 357 and 399.
21
What is the highest common factor of 972 and 24?
12
What is the highest common factor of 1750 and 2750?
250
What is the greatest common divisor of 56 and 7000?
56
Calculate the highest common factor of 43 and 11.
1
What is the highest common divisor of 177 and 5723?
59
What is the highest common divisor of 108 and 1800?
36
Calculate the greatest common divisor of 343 and 161.
7
What is the highest common factor of 154 and 84?
14
Calculate the greatest common divisor of 425 and 25.
25
What is the greatest common factor of 7106 and 22?
22
Calculate the highest common divisor of 518 and 56.
14
Calculate the greatest common divisor of 656 and 144.
16
What is the greatest common divisor of 85 and 655?
5
Calculate the greatest common divisor of 54 and 894.
6
Calculate the highest common divisor of 430 and 731.
43
Calculate the highest common divisor of 360 and 84.
12
Calculate the highest common divisor of 150 and 54.
6
What is the highest common factor of 46 and 1633?
23
What is the highest common factor of 188 and 13254?
94
What is the greatest common divisor of 3616 and 5876?
452
Calculate the highest common factor of 6 and 11.
1
What is the greatest common divisor of 45 and 75?
15
What is the highest common factor of 285 and 60?
15
Calculate the greatest common divisor of 4341 and 21.
3
Calculate the greatest common factor of 45 and 265.
5
What is the greatest common divisor of 8021 and 13?
13
What is the highest common divisor of 1 and 47?
1
Calculate the highest common factor of 989 and 23.
23
Calculate the highest common divisor of 773 and 1.
1
What is the highest common divisor of 96 and 640?
32
What is the greatest common factor of 5348 and 28?
28
Calculate the greatest common factor of 374 and 136.
34
Calculate the highest common factor of 14 and 40.
2
Calculate the greatest common divisor of 1067 and 1358.
97
Calculate the greatest common factor of 8336 and 16.
16
Calculate the highest common factor of 24 and 2712.
24
Calculate the highest common divisor of 120 and 32.
8
Calculate the greatest common divisor of 26 and 858.
26
Calculate the greatest common factor of 6943 and 131.
131
What is the highest common factor of 490 and 105?
35
What is the greatest common divisor of 14 and 44926?
14
What is the highest common divisor of 48 and 984?
24
What is the highest common factor of 3443 and 99?
11
Calculate the highest common factor of 600 and 24.
24
Calculate the greatest common factor of 54948 and 12.
12
Calculate the greatest common factor of 114 and 13528.
38
Calculate the highest common divisor of 7448 and 95.
19
What is the greatest common divisor of 65 and 7085?
65
Calculate the greatest common factor of 105 and 4965.
15
Calculate the greatest common divisor of 400 and 1400.
200
Calculate the highest common divisor of 150 and 60.
30
Calculate the highest common divisor of 4 and 431.
1
What is the highest common factor of 10 and 6?
2
Calculate the greatest common factor of 4170 and 105.
15
Calculate the highest common divisor of 825 and 33.
33
What is the highest common divisor of 39 and 3042?
39
What is the highest common divisor of 9 and 144?
9
Calculate the greatest common factor of 36 and 2466.
18
What is the greatest common factor of 260 and 1040?
260
What is the highest common divisor of 342 and 30?
6
Calculate the highest common divisor of 810 and 20.
10
What is the highest common factor of 506 and 1122?
22
What is the greatest common factor of 27 and 39?
3
What is the highest common factor of 159 and 12879?
159
What is the highest common divisor of 671 and 11?
11
What is the highest common divisor of 18 and 162?
18
What is the greatest common divisor of 27 and 72?
9
What is the greatest common factor of 744 and 2?
2
Calculate the highest common divisor of 228 and 36.
12
Calculate the highest common divisor of 37 and 111.
37
What is the greatest common factor of 496 and 16?
16
Calculate the highest common factor of 10 and 110.
10
What is the greatest common factor of 7 and 1267?
7
Calculate the greatest common divisor of 145 and 9715.
145
What is the highest common divisor of 7 and 4200?
7
What is the greatest common divisor of 78 and 228?
6
Calculate the greatest common divisor of 1139 and 51.
17
Calculate the highest common divisor of 270 and 108.
54
Calculate the greatest common factor of 105 and 36645.
105
What is the highest common divisor of 378 and 840?
42
What is the greatest common factor of 39 and 481?
13
Calculate the greatest common factor of 1719 and 81.
9
What is the greatest common divisor of 2537 and 118?
59
Calculate the greatest common divisor